/(-74724)). Suppose -7*f + q = 6*f. Is f prime?
True
Let t = -64 - -64. Suppose -l - 3554 = -4*d + 608, -d + l + 1039 = t. Is d prime?
False
Let u = 23 - 16. Suppose -2*d + u = 29. Let l = 24 + d. Is l a composite number?
False
Let m(w) = w**3 + 26*w**2 - 14*w - 62. Is m(-23) a prime number?
True
Let k = -3593 - -7172. Let q be k/6 + 1/(-2). Suppose -q = -5*o - 121. Is o prime?
False
Suppose 0 = n + 4*z + 1448, 5*z = 5*n - 4*n + 1466. Let a = n - -2043. Is a prime?
True
Suppose -p - p - r = -12, 4*p - 5*r + 4 = 0. Suppose 1655 = v + p*v. Is v a prime number?
True
Let p = -3534 + 8779. Is p composite?
True
Let k(y) = 72*y + 14. Let d be k(-2). Is (-1416402)/d - 4/10 a prime number?
False
Let o be 4 - (-7)/((-21)/12). Suppose 5*t - v - 1054 = o, -v + 3 = 2. Is t prime?
True
Let s(r) = 6*r**2 - 4*r + 5. Let l(v) = -v**2 - v + 1. Let o(t) = -5*l(t) - s(t). Let g be o(10). Is g*123/(-6) + 3 a prime number?
False
Is (-1)/(0 + 7/(-889)) a composite number?
False
Suppose 5*o + 2*u = 8127, 2*u + 820 = -3*o + 5693. Is -3 + o/(1 - (-3)/(-6)) a composite number?
False
Suppose 5*i = 3*w - 2874, 4*w + 1 = -7. Let v = i - -1117. Is v composite?
False
Suppose -2*q + t + t = 2, 5*t = -4*q + 5. Suppose 4*c - 782 + 62 = q. Suppose 2*g = 442 - c. Is g prime?
True
Suppose -60571 = -9*n + 20582. Is n a prime number?
False
Suppose 164266 = -486*y + 509*y. Is y a prime number?
False
Is ((-132)/(-8) + -12)/(3/10546) a prime number?
False
Let b(a) = -2*a + 32. Let v be b(15). Suppose v*y = h + 3*y - 869, -y - 869 = -h. Is h a prime number?
False
Suppose 490*c - 479*c - 589259 = 0. Is c composite?
False
Let o = 16 + 26. Is o/28*1016/6 prime?
False
Suppose -4840 = -3*o + 7523. Is o prime?
False
Let v = -51 - -487. Suppose -5*y - v = -4*u, 0*u + u + 4*y = 109. Is u a composite number?
False
Let v(r) = -7*r**3 - r + 2. Let n be v(1). Is 4 - 549/(n/2) a prime number?
False
Let s = -992 - -1586. Let u = 665 + s. Is u composite?
False
Let m(b) = 80*b**2 + 4*b + 33. Is m(-10) prime?
True
Let w(i) = -32*i + 18 + 8 - 13. Is w(-12) a composite number?
False
Let o = 78 - 81. Is 4/(4/1031) - 0/o composite?
False
Let v(l) = -2*l**2 + 4*l + 267. Is v(0) composite?
True
Let o(w) = w**3 - w. Let r(c) = -7*c**3 + 14*c**2 + 5*c - 17. Let q(u) = 6*o(u) + r(u). Is q(12) a prime number?
False
Let h be 3/4*4 + 1. Is (-1 - (-1475)/h)/((-11)/(-44)) a composite number?
False
Let n(f) = -f - 12. Let j be n(-5). Let t(k) = k + 12. Let i be t(j). Suppose -3*v + 3*p + 1345 = 2*v, 1345 = i*v + 3*p. Is v composite?
False
Let t(i) = 2*i**2 + 4*i + 1. Let h(c) = -3*c**2 - 2*c + 1. Let x be h(1). Let f be (-70)/8 + x/16. Is t(f) composite?
False
Suppose 7632 = a + 4*f - 4453, 0 = -5*a - f + 60482. Let x = -8592 + a. Is x prime?
False
Is (-8)/(-360)*6 + (-23066)/(-30) a composite number?
False
Suppose 2*n - 3*v = 4*n, 2*v = 0. Suppose n = -4*g + 8*g - 104. Is g a composite number?
True
Suppose -n - 5*c - 401 = -4*n, c + 131 = n. Is n composite?
False
Let m(l) = -2*l**3 + 22*l**2 - 7*l + 11. Is m(-16) a prime number?
False
Let m(r) = 12*r + 8 + 6*r - 2 - 19*r. Let t be m(2). Suppose l = -2*j - 2*l + 428, -8 = -t*l. Is j a prime number?
True
Suppose 0 = 37*j - 188079 + 52696. Is j a composite number?
False
Let t(q) = q**3 + 18*q**2 - 25*q - 41. Let b be t(-19). Let d = 332 - b. Is d composite?
True
Let s = -65288 - -104277. Is s composite?
True
Let d = -171836 - -266647. Is d a prime number?
True
Let j(f) = -325*f**3 - f**2 - 2*f - 2. Let w be j(-1). Suppose -332 = -4*n + w. Suppose -n = 5*m - 509. Is m a prime number?
False
Let d(t) = -3*t + 1. Suppose -1 = 5*w + 2*o + 2*o, -5*w = 5*o. Let v be d(w). Suppose 0 = v*z - 2*n - 354, 5*z - 531 = -2*n - 84. Is z a prime number?
True
Is 0 + 753 + (-16)/(-16)*-2 composite?
False
Suppose -a = 104 - 608. Suppose -2*r - a = -4*r. Suppose 89 = n - r. Is n a prime number?
False
Suppose 4*k - 692 = -2*i + 2022, -3*k = 3*i - 4077. Is i prime?
True
Let l(j) = -421*j + 103. Is l(-48) a composite number?
True
Let f = 383 - 93. Let y = f + 41. Is y prime?
True
Let g be (1 - 0/2)*3. Suppose 4*u + b + 4*b = 31, 0 = -2*u + 4*b - 4. Suppose -g*p + p + 3*j = -154, -j = -u*p + 288. Is p a prime number?
True
Let z(m) = -m**2 + 2. Let b be z(0). Suppose -5*i - 4*s = 6, 2*i - 5*s - 16 = -b*s. Is (-308)/(-10) + i/10 prime?
True
Let t = 545 - -13046. Is t a composite number?
False
Let f = 35332 - 24395. Is f prime?
True
Let g(z) = -z + 5. Let q be g(5). Suppose -23 = -3*v - 5*j, -2*v = 2*j - q*j - 14. Suppose m + 125 = v*m. Is m a prime number?
False
Suppose -4*x = -2*o - 140, 5*x - 78 = 3*x + 3*o. Suppose -x = -3*q - 4*j, -5*q - 3*j + 29 = -5*j. Let g = q - -180. Is g a composite number?
True
Is (48610/(-40))/((-6)/24) a composite number?
False
Let z = 341 - -592. Let l = z - 642. Is (l/(-6))/((-6)/12) composite?
False
Let p be 2/(-3) + 3 + (-40)/12. Is p*2402/2*(2 + -3) composite?
False
Suppose 0 = x + 6 - 10. Suppose -i - 4775 = -6*i. Suppose x*u + u = i. Is u a composite number?
False
Let r(w) be the first derivative of 59*w**4/4 + 2*w**3/3 + w**2 - 3*w + 5. Is r(2) a composite number?
True
Suppose -5*x + 38940 = -8*b + 9*b, 3*x - 3*b = 23382. Is x a composite number?
False
Let q be (-2)/(-6)*(6 + 9). Suppose 0 = -q*v + 190 - 35. Suppose -3*y = -11 - v. Is y a prime number?
False
Is 1/(-2) + 59895/10 prime?
False
Suppose 2*p - 82845 = -5*n + 6*p, n - 16558 = 3*p. Is n composite?
False
Let j(g) = 13*g**2 + 0*g + 3 + 25*g**2 - 10*g**2 + g. Let y be (-48)/27 - (-6)/(-27). Is j(y) a prime number?
True
Let p(y) = 123 + 78*y - 116 + 12*y. Is p(10) a prime number?
True
Let d(t) = 24*t**2 - 37*t - 39. Is d(-20) composite?
False
Suppose -2*o = 2*o - 20, 5*p - 2*o = -105. Let l = p - -22. Suppose 4*v - 1079 = -l*g, 2*g + 2*v = -v + 721. Is g a composite number?
False
Let p = 2620 + -1865. Is p a prime number?
False
Is (0 + -134)*(-176)/32 a composite number?
True
Let a = 1 + -1. Suppose 3*b + b = r, a = -4*r + 4*b. Let i = r - -13. Is i prime?
True
Let g(m) = m**2 + 8*m - 11. Let c be g(-9). Let a = 70 - 66. Is (c/(-4))/(a/112) prime?
False
Let m = -22 + 24. Suppose m*a - 2*f = 508, 3*a - 3*f = -a + 1016. Is a composite?
True
Suppose 4*h - 5*q = 3312, 3*q - q - 1656 = -2*h. Suppose -3*c - 2*f - 324 - 188 = 0, h = -5*c + 3*f. Let d = 257 + c. Is d a prime number?
True
Suppose -5*f = -4*z + 1 - 4, -3 = f - 2*z. Suppose 4*r - 978 = -2*o, o = -f*o - 5*r + 1971. Is o prime?
True
Suppose 24834 = -28*t + 34*t. Is t prime?
True
Let h(g) = 2*g**2 - 7*g - 11. Is h(-14) prime?
True
Let y(f) = -10*f - 9 - 10*f + 22*f. Let d be y(7). Suppose 413 = 2*p + d*p. Is p a composite number?
False
Let u = -10518 + 26647. Is u composite?
True
Let i(x) = 2547*x**2 - 4*x - 3. Let a be i(-1). Let o = 4386 - a. Is o composite?
True
Let w(v) = 18*v**2 + 8*v - 9. Let i be w(-6). Is i*190/105 - (-6)/(-14) composite?
False
Suppose 4*t = -t - 10. Let l be t + 6 - (1 - 2). Suppose -5*c + 0*c + 450 = -l*w, 3*c = -3*w + 252. Is c composite?
True
Suppose 209*s - 204*s - 26485 = 0. Is s a prime number?
True
Suppose 5*y + 6 = 4*l - 3, 0 = 5*y + 25. Is -5*(-146 + l + 1) a prime number?
False
Suppose -2*j = -4*g - 2, -2*j - 2 = -0*j - 3*g. Let u be -4 - j*6*6. Is u/2*14/8 a prime number?
False
Suppose -2*n - 6178 = -2*o - n, -2*o = -5*n - 6178. Let w = o - -74. Is w composite?
False
Let a = 96 - 110. Is -1 + 4662 - (a - -18) composite?
False
Suppose -7*o + 6*o = -5*p - 61, 2*o - 62 = -5*p. Let h = 1880 + o. Is h a composite number?
True
Let a(z) = -z**2 + 6*z - 2. Let i be a(5). Suppose -4*h + i*h = -141. Suppose -2*m + 8 = 0, 4*q + h = 2*m + 873. Is q composite?
True
Suppose 0 = 6*o - 1079 - 3703. Is o a composite number?
False
Let g(f) = -f - 14. Let n be g(-13). Let s(x) = -449*x. Is s(n) a prime number?
True
Suppose 4*p = 2*i - 28, 5*p + 24 - 4 = 0. Let q = i - 5. Is (0 + q/3)*21 a prime number?
True
Suppose -3*m - 3*o + 51 = 0, -4*m + 2*o = -57 - 11. Suppose m*t + 3310 = 19*t. Is t composite?
True
Suppose 3*p - 192 + 75 = 0. Suppose -p = 4*a - 1643. Suppose 4*r - a = -0*v - v, v = r + 401. Is v a prime number?
True
Let z = -139 - 1215. Let o = z + 2039. Is o a prime number?
False
Let d(a) = 92*a**2 + 5*a + 15. Let h be d(4). Suppose -2*r + 4*s - 1522 = -4*r, 2*r = -s + h. Is r a composite number?
False
Let o(z) = z. Let